{"id":261,"date":"2021-02-06T16:54:01","date_gmt":"2021-02-06T15:54:01","guid":{"rendered":"http:\/\/mathildemartin-research.com\/?page_id=261"},"modified":"2025-12-29T20:45:14","modified_gmt":"2025-12-29T19:45:14","slug":"conferences","status":"publish","type":"page","link":"https:\/\/mathildemartin-research.com\/index.php\/conferences\/","title":{"rendered":"Conferences and seminars"},"content":{"rendered":"\n<p class=\"has-cyan-bluish-gray-color has-text-color has-custom-lineheight\" style=\"font-size:18px;line-height:1.98\">(As first author only)<\/p>\n\n\n\n<p class=\"textejustifie has-black-color has-text-color has-link-color wp-elements-c799f716e39ebff8b006228d4aea8797\" style=\"font-size:18px\">2025 &#8211; Martin M, Manser M. Classification of meerkat contact calls by age and relevance for group cohesion during foraging. <strong>Sixt Joint Meeting of the Acoustical Society of America and Acoustical Society of Japan<\/strong>. December 1-5, Honolulu, Hawai&#8217;i, United States<\/p>\n\n\n\n<p class=\"textejustifie has-black-color has-text-color has-link-color wp-elements-2e6913e49ce980e628ab7886e4bcdb0c\" style=\"font-size:18px\">2025 &#8211; Martin M. How to get back? Ubiquitous efficient solo navigation in group-living meerkats. <strong>BEEES seminar series, University of Zurich<\/strong>. 25<sup>th<\/sup> of September, Zurich, Switzerland<\/p>\n\n\n\n<p class=\"textejustifie has-black-color has-text-color has-link-color wp-elements-2157bbeed34f76141d4285987f557402\" style=\"font-size:18px\">2025 &#8211; Martin M, Rossi M, Manser M, Robira B. How to get back? Homing experiments in meerkats. <strong>16th Kalahari Research Centre meeting 2025<\/strong>. June 6-7, Zurich, Switzerland<\/p>\n\n\n\n<p class=\"textejustifie has-black-color has-text-color has-link-color wp-elements-e43d96043593987c4a55db4170e4f96b\" style=\"font-size:18px\"><mark style=\"background-color:rgba(0, 0, 0, 0);color:#628f95\" class=\"has-inline-color\"><strong><em>Invited seminar<\/em><\/strong>: <\/mark>2025 &#8211; Martin M. Mother-pup individual vocal recognition in the Cape fur seal. 16<sup>th<\/sup> of January, <strong>Bridging Brains and Bioacoustics seminar, <\/strong>online<\/p>\n\n\n\n<p class=\"has-text-align-center\">_______<\/p>\n\n\n\n<p class=\"textejustifie has-black-color has-text-color has-link-color wp-elements-39ef185b9784134dadd4be02d3b176aa\" style=\"font-size:18px\"><mark style=\"background-color:rgba(0, 0, 0, 0);color:#628f95\" class=\"has-inline-color\"><strong><em>Invited seminar<\/em><\/strong>: <\/mark>2024 &#8211; Martin M. Acoustic communication network in the Cape fur seal. 28<sup>th<\/sup> of October, <strong>CASCB Seminar Series, <\/strong>Konstanz University, Germany<\/p>\n\n\n\n<p><\/p>\n\n\n\n<p class=\"textejustifie has-black-color has-text-color has-link-color wp-elements-1dc1eee36ba53e51fc0a0e58250d4749\" style=\"font-size:18px\">2024 &#8211;&nbsp;Martin M. Close calls vocal hotspot in foraging meerkats: cohesion and\/or direction? <strong>15th Kalahari Research Centre meeting 2024<\/strong>. September 4-6, Zurich, Switzerland<\/p>\n\n\n\n<p><\/p>\n\n\n\n<p class=\"textejustifie has-black-color has-text-color has-link-color wp-elements-b023614c5045f2aaadc1ba8131a56ec0\" style=\"font-size:18px\">2024 &#8211; Martin M, Gridley T, Elwen S, Charrier I. Early onset of postnatal individual vocal recognition in a highly colonial mammal species. <strong>European Conference on Behavioural Biology<\/strong>, July 16-19, Zurich, Switzerland<\/p>\n\n\n\n<p><\/p>\n\n\n\n<p class=\"textejustifie has-black-color has-text-color has-link-color wp-elements-3d471c836f20fbd2c7c5e0b70d7eb9b8\" style=\"font-size:18px\"><mark style=\"background-color:rgba(0, 0, 0, 0);color:#ec694d\" class=\"has-inline-color\"><strong><em>Workshop:<\/em><\/strong> <\/mark>2024 \u2013 \u201cSetting-up a playback experiment\u201d at the <strong>Second edition of the Emerging Bioacousticians Days conference<\/strong>. June 25-28, Brest, France<br><\/p>\n\n\n\n<p class=\"textejustifie has-black-color has-text-color has-link-color wp-elements-18148e965f25b14421f9a94eb279cdbb\" style=\"font-size:18px\"><mark style=\"background-color:rgba(0, 0, 0, 0);color:#628f95\" class=\"has-inline-color\"><strong><em>Invited seminar<\/em><\/strong>: <\/mark>2024 &#8211; Martin M. Inter-site variability in the Cape fur seal\u2019s behavioural response to boat noise exposure. 24<sup>th<\/sup> of May, Prize of the <strong>best PhD of the year 2023 at the 53\u00e8me Colloque de la SFECA <\/strong>(French Society for the Study of Animal Behaviour), Albi, France<br><\/p>\n\n\n\n<p class=\"textejustifie has-black-color has-text-color has-link-color wp-elements-a0e4d68b18a93cbe37c7b0dd9d9fb213\" style=\"font-size:18px\"><mark style=\"background-color:rgba(0, 0, 0, 0);color:#628f95\" class=\"has-inline-color\"><strong><em>Invited seminar<\/em><\/strong>: <\/mark>2024 &#8211; Martin M. A first investigation of geographical variation in Cape fur seals\u2019 in-air vocalizations. 21st of March, <strong>Marine Mammal Science Editors\u2019 Select Webinar Series<\/strong><br><\/p>\n\n\n\n<p class=\"textejustifie has-black-color has-text-color has-link-color wp-elements-7956785eaaa9d1310b5f3fd178cf481d\" style=\"font-size:18px\"><mark style=\"background-color:rgba(0, 0, 0, 0);color:#628f95\" class=\"has-inline-color\"><strong><em>Invited seminar<\/em><\/strong>: <\/mark>2024 &#8211; Martin M. Mother-pup vocal communication and individual recognition in a highly colonial pinniped species, the Cape fur seal. 20th of March, <strong>UZH Bioacoustics Community, University of Z\u00fcrich<\/strong>, Switzerland<\/p>\n\n\n\n<p class=\"has-text-align-center has-black-color has-text-color\" style=\"font-size:18px\">_______<\/p>\n\n\n\n<p class=\"textejustifie has-black-color has-text-color\" style=\"font-size:18px\">2023 &#8211; Martin M, Gridley T, Elwen S, Charrier I. Early onset of postnatal individual vocal recognition in a highly colonial mammal species. <strong>Emerging Bioacousticians Days<\/strong>, June 28\u201330, Saint-Etienne, France<br><\/p>\n\n\n\n<p class=\"textejustifie has-black-color has-text-color\" style=\"font-size:18px\">2023 &#8211; Martin M, Gridley T, Elwen S, Charrier I. Mise en place rapide de la reconnaissance vocale m\u00e8re-jeune chez un mammif\u00e8re tr\u00e8s colonial. <strong>52\u00e8me Colloque de la SFECA<\/strong> (French Society for the Study of Animal Behaviour), May 23\u201325, Tours, France<\/p>\n\n\n\n<p class=\"has-text-align-center has-black-color has-text-color\" style=\"font-size:18px\">_______<\/p>\n\n\n\n<p class=\"textejustifie has-black-color has-text-color\" style=\"font-size:18px\"><mark style=\"background-color:rgba(0, 0, 0, 0);color:#628f95\" class=\"has-inline-color\"><strong><em>Invited seminar<\/em><\/strong>:<\/mark> 2022 &#8211; Martin M. Mother-pup acoustic communication in a highly colonial pinniped species, the Cape fur seal: call stereotypy, vocal recognition and ontogeny. October, 13 <strong>Animal Behaviour Group, Department of Evolutionary Biology and Environmental Studies, University of Z\u00fcrich<\/strong>, Switzerland<\/p>\n\n\n\n<p class=\"textejustifie has-black-color has-text-color\" style=\"font-size:18px\">2022 &#8211; Martin M, Gridley T, Elwen S, Charrier I. First evidence of mutual mother-pup vocal recognition in the extremely colonial Cape fur seal. The <strong>24th Biennial Conference on the Biology of Marine Mammals<\/strong>, August 1-5, Online conference.<\/p>\n\n\n\n<p class=\"textejustifie has-black-color has-text-color\" style=\"font-size:18px\">2022 &#8211; Martin M, Gridley T, Elwen S, Charrier I. Le d\u00e9fi de la reconnaissance vocale m\u00e8re-jeune en milieu tr\u00e8s colonial : le cas de l\u2019otarie \u00e0 fourrure du Cap. <strong>51\u00e8me Colloque de la SFECA<\/strong> (Soci\u00e9t\u00e9 Fran\u00e7aise pour l&#8217;Etude du Comportement Animal), 31 May-2 June, Clermont-Ferrand, France.<\/p>\n\n\n\n<p class=\"textejustifie has-black-color has-text-color\" style=\"font-size:18px\"><strong><em><mark style=\"background-color:rgba(0, 0, 0, 0);color:#628f95\" class=\"has-inline-color\">Invited seminar<\/mark><\/em><\/strong><mark style=\"background-color:rgba(0, 0, 0, 0);color:#628f95\" class=\"has-inline-color\">: <\/mark>2022 &#8211; Martin M. Acoustic communication network in the Cape fur seal: deciphering the information encoded in their vocalizations. April 8, <strong>University of Bologna<\/strong>, Cesenatico, Italy<\/p>\n\n\n\n<p class=\"has-text-align-center has-black-color has-text-color\" style=\"font-size:18px\">_______<\/p>\n\n\n\n<p class=\"textejustifie has-black-color has-text-color\" style=\"font-size:18px\"><span style=\"background-color:rgba(0, 0, 0, 0)\" class=\"has-inline-color has-black-color\">2021 &#8211;<\/span> Martin M, Gridley T, Elwen S, Charrier I. Assessment of the impact of anthropogenic airborne noise on the behaviour of Cape fur seal. The <strong>58th Annual Conference of the Animal Behavior Society<\/strong>, 3-6 August, Online conference.<\/p>\n\n\n\n<p class=\"has-text-align-left textejustifie has-black-color has-text-color\" style=\"font-size:18px\">2021 &#8211; Martin M, Gridley T, Elwen S, Charrier I. <span style=\"background-color:rgba(0, 0, 0, 0)\" class=\"has-inline-color has-black-color\"><em>Feel the beat<\/em>: les m\u00e2les otaries \u00e0 fourrure du Cap codent leur \u00e9tat d&#8217;excitation dans leurs barks. <\/span><strong>50\u00e8me Colloque de la SFECA<\/strong> (Soci\u00e9t\u00e9 Fran\u00e7aise pour l&#8217;Etude du Comportement Animal), 31 May -1 June, Online conference.<br><strong>*Award of the best oral communication<\/strong><\/p>\n\n\n\n<p class=\"has-text-align-center\">_______<\/p>\n\n\n\n<p class=\"textejustifie has-black-color has-text-color\" style=\"font-size:18px\">2020 &#8211; Martin M, Gridley T, Elwen S, Charrier I. <span style=\"background-color:rgba(0, 0, 0, 0)\" class=\"has-inline-color has-black-color\">The<\/span> <span style=\"background-color:rgba(0, 0, 0, 0)\" class=\"has-inline-color has-black-color\">Cape fur seal: an extremely colonial social structure leading to a high individual acoustic stereotypy.<\/span> The <strong>2nd African Bioacoustics Community Conference<\/strong>, Stellenbosch University, 2-5 Nov, Online conference.<\/p>\n\n\n\n<p class=\"textejustifie has-black-color has-text-color\" style=\"font-size:18px\">2020 &#8211; Martin M, Gridley T, Elwen S, Charrier I. <span class=\"has-inline-color has-black-color\">The Cape fur seal: an extremely colonial structure leading to a high individual acoustic stereotypy.<\/span> The <strong>57th Annual Conference of the Animal Behavior Society<\/strong>, 28-31 July, Online conference.<\/p>\n\n\n\n<p class=\"has-text-align-center has-black-color has-text-color\">_______<\/p>\n\n\n\n<p class=\"textejustifie has-black-color has-text-color\" style=\"font-size:18px\">2018 &#8211; Martin M, Charrier I, Saloma A, Adam O. <span style=\"background-color:rgba(0, 0, 0, 0)\" class=\"has-inline-color has-black-color\">An investigation of humpback whale mother-calf vocal signature in Sainte Marie channel breeding ground, Madagascar.<\/span> The <strong>1st African Bioacoustics Community Conference<\/strong>, Cape Town, South Africa, 2-7 Dec<\/p>\n\n\n\n<p class=\"has-white-color has-text-color has-link-color wp-elements-5739fba1a769bd2b7d9fe7e25e647a7b\">XXX<br><\/p>\n\n\n\n<p><\/p>\n\n\n\n<p><\/p>\n\n\n\n<div class=\"wp-block-columns is-layout-flex wp-container-core-columns-is-layout-1 wp-block-columns-is-layout-flex\">\n<div class=\"wp-block-column is-layout-flow wp-block-column-is-layout-flow\"><div class=\"wp-block-image is-resized\">\n<figure class=\"aligncenter size-full\"><img fetchpriority=\"high\" decoding=\"async\" width=\"562\" height=\"476\" src=\"https:\/\/mathildemartin-research.com\/wp-content\/uploads\/2025\/12\/ABC-LOGO-simple-JPG.avif\" alt=\"\" class=\"wp-image-1077\" style=\"width:auto;height:150px\"\/><\/figure><\/div>\n\n<div class=\"wp-block-image is-resized\">\n<figure class=\"aligncenter size-full\"><img decoding=\"async\" width=\"800\" height=\"533\" src=\"https:\/\/mathildemartin-research.com\/wp-content\/uploads\/2023\/10\/cropped-logo1-new.jpeg\" alt=\"\" class=\"wp-image-784\" style=\"width:auto;height:150px\" srcset=\"https:\/\/mathildemartin-research.com\/wp-content\/uploads\/2023\/10\/cropped-logo1-new.jpeg 800w, https:\/\/mathildemartin-research.com\/wp-content\/uploads\/2023\/10\/cropped-logo1-new-300x200.jpeg 300w, https:\/\/mathildemartin-research.com\/wp-content\/uploads\/2023\/10\/cropped-logo1-new-768x512.jpeg 768w\" sizes=\"(max-width: 800px) 100vw, 800px\" \/><\/figure><\/div>\n\n<div class=\"wp-block-image\">\n<figure class=\"aligncenter size-large is-resized\"><img decoding=\"async\" width=\"1024\" height=\"435\" src=\"https:\/\/mathildemartin-research.com\/wp-content\/uploads\/2025\/12\/Acoustical_Society_of_America_logo_2018.svg_-1024x435.png\" alt=\"\" class=\"wp-image-1079\" style=\"width:auto;height:150px\" srcset=\"https:\/\/mathildemartin-research.com\/wp-content\/uploads\/2025\/12\/Acoustical_Society_of_America_logo_2018.svg_-1024x435.png 1024w, https:\/\/mathildemartin-research.com\/wp-content\/uploads\/2025\/12\/Acoustical_Society_of_America_logo_2018.svg_-300x127.png 300w, https:\/\/mathildemartin-research.com\/wp-content\/uploads\/2025\/12\/Acoustical_Society_of_America_logo_2018.svg_-768x326.png 768w, https:\/\/mathildemartin-research.com\/wp-content\/uploads\/2025\/12\/Acoustical_Society_of_America_logo_2018.svg_-50x21.png 50w, https:\/\/mathildemartin-research.com\/wp-content\/uploads\/2025\/12\/Acoustical_Society_of_America_logo_2018.svg_-1600x679.png 1600w, https:\/\/mathildemartin-research.com\/wp-content\/uploads\/2025\/12\/Acoustical_Society_of_America_logo_2018.svg_-1536x652.png 1536w, https:\/\/mathildemartin-research.com\/wp-content\/uploads\/2025\/12\/Acoustical_Society_of_America_logo_2018.svg_-2048x870.png 2048w\" sizes=\"(max-width: 1024px) 100vw, 1024px\" \/><\/figure><\/div><\/div>\n\n\n\n<div class=\"wp-block-column is-layout-flow wp-block-column-is-layout-flow\"><div class=\"wp-block-image is-resized\">\n<figure class=\"aligncenter size-large\"><img loading=\"lazy\" decoding=\"async\" width=\"524\" height=\"568\" src=\"http:\/\/mathildemartin-research.com\/wp-content\/uploads\/2021\/02\/ABS.png\" alt=\"\" class=\"wp-image-275\" style=\"width:auto;height:150px\" srcset=\"https:\/\/mathildemartin-research.com\/wp-content\/uploads\/2021\/02\/ABS.png 524w, https:\/\/mathildemartin-research.com\/wp-content\/uploads\/2021\/02\/ABS-277x300.png 277w\" sizes=\"(max-width: 524px) 100vw, 524px\" \/><\/figure><\/div>\n\n<div class=\"wp-block-image is-resized\">\n<figure class=\"aligncenter size-large\"><img loading=\"lazy\" decoding=\"async\" width=\"254\" height=\"106\" src=\"https:\/\/mathildemartin-research.com\/wp-content\/uploads\/2022\/08\/SMM2022-FOR-WEB.png\" alt=\"\" class=\"wp-image-731\" style=\"width:359px;height:auto\"\/><\/figure><\/div>\n\n<div class=\"wp-block-image\">\n<figure class=\"aligncenter size-large is-resized\"><img loading=\"lazy\" decoding=\"async\" width=\"1024\" height=\"867\" src=\"https:\/\/mathildemartin-research.com\/wp-content\/uploads\/2025\/12\/Screenshot-2025-12-29-at-20.39.09-1024x867.png\" alt=\"\" class=\"wp-image-1080\" style=\"width:auto;height:150px\" srcset=\"https:\/\/mathildemartin-research.com\/wp-content\/uploads\/2025\/12\/Screenshot-2025-12-29-at-20.39.09-1024x867.png 1024w, https:\/\/mathildemartin-research.com\/wp-content\/uploads\/2025\/12\/Screenshot-2025-12-29-at-20.39.09-300x254.png 300w, https:\/\/mathildemartin-research.com\/wp-content\/uploads\/2025\/12\/Screenshot-2025-12-29-at-20.39.09-768x650.png 768w, https:\/\/mathildemartin-research.com\/wp-content\/uploads\/2025\/12\/Screenshot-2025-12-29-at-20.39.09-50x42.png 50w, https:\/\/mathildemartin-research.com\/wp-content\/uploads\/2025\/12\/Screenshot-2025-12-29-at-20.39.09.png 1198w\" sizes=\"(max-width: 1024px) 100vw, 1024px\" \/><\/figure><\/div><\/div>\n\n\n\n<div class=\"wp-block-column centrecolonne is-layout-flow wp-block-column-is-layout-flow\">\n<p><\/p>\n\n\n<div class=\"wp-block-image is-resized centrecolonne\">\n<figure class=\"aligncenter size-large\"><img loading=\"lazy\" decoding=\"async\" width=\"400\" height=\"89\" src=\"http:\/\/mathildemartin-research.com\/wp-content\/uploads\/2021\/02\/SMM.png\" alt=\"\" class=\"wp-image-276\" style=\"width:auto;height:80px\" srcset=\"https:\/\/mathildemartin-research.com\/wp-content\/uploads\/2021\/02\/SMM.png 400w, https:\/\/mathildemartin-research.com\/wp-content\/uploads\/2021\/02\/SMM-300x67.png 300w\" sizes=\"(max-width: 400px) 100vw, 400px\" \/><\/figure><\/div>\n\n<div class=\"wp-block-image\">\n<figure class=\"aligncenter size-full is-resized\"><img loading=\"lazy\" decoding=\"async\" width=\"147\" height=\"137\" src=\"https:\/\/mathildemartin-research.com\/wp-content\/uploads\/2023\/10\/JJBA.webp\" alt=\"\" class=\"wp-image-785\" style=\"width:200px;height:auto\"\/><\/figure><\/div>\n\n<div class=\"wp-block-image\">\n<figure class=\"aligncenter size-full is-resized\"><img loading=\"lazy\" decoding=\"async\" width=\"640\" height=\"400\" src=\"https:\/\/mathildemartin-research.com\/wp-content\/uploads\/2025\/12\/c3c822_846a175bb63640eba560188db3c38ad9mv2.avif\" alt=\"\" class=\"wp-image-1081\" style=\"width:auto;height:150px\"\/><\/figure><\/div><\/div>\n<\/div>\n\n\n\n<p><\/p>\n","protected":false},"excerpt":{"rendered":"<p>(As first author only) 2025 &#8211; Martin M, Manser M. Classification of meerkat contact calls by age and relevance for group cohesion during foraging. Sixt Joint Meeting of the Acoustical Society of America and Acoustical Society of Japan. December 1-5, Honolulu, Hawai&#8217;i, United States 2025 &#8211; Martin M. How to get back? Ubiquitous efficient solo [&hellip;]<\/p>\n","protected":false},"author":1,"featured_media":0,"parent":0,"menu_order":0,"comment_status":"closed","ping_status":"closed","template":"","meta":{"_coblocks_attr":"","_coblocks_dimensions":"","_coblocks_responsive_height":"","_coblocks_accordion_ie_support":"","ocean_post_layout":"","ocean_both_sidebars_style":"","ocean_both_sidebars_content_width":0,"ocean_both_sidebars_sidebars_width":0,"ocean_sidebar":"0","ocean_second_sidebar":"0","ocean_disable_margins":"enable","ocean_add_body_class":"","ocean_shortcode_before_top_bar":"","ocean_shortcode_after_top_bar":"","ocean_shortcode_before_header":"","ocean_shortcode_after_header":"","ocean_has_shortcode":"","ocean_shortcode_after_title":"","ocean_shortcode_before_footer_widgets":"","ocean_shortcode_after_footer_widgets":"","ocean_shortcode_before_footer_bottom":"","ocean_shortcode_after_footer_bottom":"","ocean_display_top_bar":"default","ocean_display_header":"default","ocean_header_style":"","ocean_center_header_left_menu":"0","ocean_custom_header_template":"0","ocean_custom_logo":0,"ocean_custom_retina_logo":0,"ocean_custom_logo_max_width":0,"ocean_custom_logo_tablet_max_width":0,"ocean_custom_logo_mobile_max_width":0,"ocean_custom_logo_max_height":0,"ocean_custom_logo_tablet_max_height":0,"ocean_custom_logo_mobile_max_height":0,"ocean_header_custom_menu":"0","ocean_menu_typo_font_family":"0","ocean_menu_typo_font_subset":"","ocean_menu_typo_font_size":0,"ocean_menu_typo_font_size_tablet":0,"ocean_menu_typo_font_size_mobile":0,"ocean_menu_typo_font_size_unit":"px","ocean_menu_typo_font_weight":"","ocean_menu_typo_font_weight_tablet":"","ocean_menu_typo_font_weight_mobile":"","ocean_menu_typo_transform":"","ocean_menu_typo_transform_tablet":"","ocean_menu_typo_transform_mobile":"","ocean_menu_typo_line_height":0,"ocean_menu_typo_line_height_tablet":0,"ocean_menu_typo_line_height_mobile":0,"ocean_menu_typo_line_height_unit":"","ocean_menu_typo_spacing":0,"ocean_menu_typo_spacing_tablet":0,"ocean_menu_typo_spacing_mobile":0,"ocean_menu_typo_spacing_unit":"","ocean_menu_link_color":"","ocean_menu_link_color_hover":"","ocean_menu_link_color_active":"","ocean_menu_link_background":"","ocean_menu_link_hover_background":"","ocean_menu_link_active_background":"","ocean_menu_social_links_bg":"","ocean_menu_social_hover_links_bg":"","ocean_menu_social_links_color":"","ocean_menu_social_hover_links_color":"","ocean_disable_title":"default","ocean_disable_heading":"default","ocean_post_title":"","ocean_post_subheading":"","ocean_post_title_style":"","ocean_post_title_background_color":"","ocean_post_title_background":0,"ocean_post_title_bg_image_position":"","ocean_post_title_bg_image_attachment":"","ocean_post_title_bg_image_repeat":"","ocean_post_title_bg_image_size":"","ocean_post_title_height":0,"ocean_post_title_bg_overlay":0.5,"ocean_post_title_bg_overlay_color":"","ocean_disable_breadcrumbs":"default","ocean_breadcrumbs_color":"","ocean_breadcrumbs_separator_color":"","ocean_breadcrumbs_links_color":"","ocean_breadcrumbs_links_hover_color":"","ocean_display_footer_widgets":"default","ocean_display_footer_bottom":"default","ocean_custom_footer_template":"0","footnotes":""},"_links":{"self":[{"href":"https:\/\/mathildemartin-research.com\/index.php\/wp-json\/wp\/v2\/pages\/261"}],"collection":[{"href":"https:\/\/mathildemartin-research.com\/index.php\/wp-json\/wp\/v2\/pages"}],"about":[{"href":"https:\/\/mathildemartin-research.com\/index.php\/wp-json\/wp\/v2\/types\/page"}],"author":[{"embeddable":true,"href":"https:\/\/mathildemartin-research.com\/index.php\/wp-json\/wp\/v2\/users\/1"}],"replies":[{"embeddable":true,"href":"https:\/\/mathildemartin-research.com\/index.php\/wp-json\/wp\/v2\/comments?post=261"}],"version-history":[{"count":77,"href":"https:\/\/mathildemartin-research.com\/index.php\/wp-json\/wp\/v2\/pages\/261\/revisions"}],"predecessor-version":[{"id":1086,"href":"https:\/\/mathildemartin-research.com\/index.php\/wp-json\/wp\/v2\/pages\/261\/revisions\/1086"}],"wp:attachment":[{"href":"https:\/\/mathildemartin-research.com\/index.php\/wp-json\/wp\/v2\/media?parent=261"}],"curies":[{"name":"wp","href":"https:\/\/api.w.org\/{rel}","templated":true}]}}